2*d - a - 56 = 0, 4*d - 112 = -5*a - 0. Let j(f) = -2*f**2 + 9*f. What is the remainder when d is divided by j(2)?
8
Let x = 941 - 855. What is the remainder when x is divided by 27?
5
Let r = 450 + -439. What is the remainder when 120 is divided by r?
10
Let g(x) = -12*x - 3. Suppose 9*n + 2 + 124 = 0. Let s = n + 55. Calculate the remainder when s is divided by g(-2).
20
Let s(c) = 19*c**3 - c**2 - 2*c + 1. What is the remainder when 30 is divided by s(1)?
13
Let y(x) = 8*x**2 - 2*x - 13 - x - 5*x + 9*x. What is the remainder when y(4) is divided by 20?
19
Let v(q) = -111*q + 7. What is the remainder when 52 is divided by v(0)?
3
Let b be (4 - -6) + (-2 - 0). Let z = b - 16. What is the remainder when 788/14 - z/(-28) is divided by 15?
11
Suppose 0 = -r + 16 + 1. Suppose -5*t = g - 51, 200 = -5*g + 3*t + 539. What is the remainder when g is divided by r?
15
Suppose -3*g = -12*g + 540. Suppose 0*x + 5*x = g. What is the remainder when x is divided by 1 - 1/(1/(-4))?
2
Calculate the remainder when 84 is divided by (-7)/((-70)/(-15))*32/(-3).
4
Let m(s) = 2*s - 8. Let d(f) = -14*f + 1. Let v be d(-1). Calculate the remainder when m(v) is divided by 12.
10
Let t(v) be the first derivative of v**3/3 - 5*v**2/2 + 14*v - 20. Calculate the remainder when t(8) is divided by 14.
10
Let p(l) = l**2 - 3*l + 1. Let d be 6 + 3 + -8 - (-2 + -1). Suppose -15 = 3*n, d*q - 91 - 10 = 5*n. Calculate the remainder when q is divided by p(5).
8
Let k(v) = v - 6. Let x be k(8). Suppose 0 = 6*h - x*h - 16. Suppose -h*s + 65 = 3*q, -2*q = -2*s + 21 + 29. Calculate the remainder when s is divided by 6.
2
Suppose -368*g = -362*g - 1110. Calculate the remainder when g is divided by 17.
15
Suppose g - a = 28, 4*a = a - 6. Suppose 50 = l + g. Calculate the remainder when 119 is divided by l.
23
Suppose 3*j - 2 = 2*o - 31, -25 = -5*j. What is the remainder when o is divided by 16?
6
Suppose -140*p + 74 = -138*p. Let j(d) = 3*d**2 + 4*d + 4. What is the remainder when p is divided by j(-3)?
18
Let c = -14 - 6. Let s = c - -15. What is the remainder when (s + 3)*2/(-4) is divided by 1?
0
Let k(b) = b**2 - 20*b + 6. Let o be k(4). Let y = 77 + o. Suppose 3*x + 296 = 7*x. What is the remainder when x is divided by y?
17
Let d be 0 + 2/4 - 6/(-12). Suppose 0 = 6*p - d - 161. What is the remainder when 104 is divided by p?
23
Calculate the remainder when 205 is divided by (-40)/260 - ((-1330)/26 + -1).
49
Suppose a + 4*x - 22 = 0, 2*a + 4*x = -2*a + 52. Suppose k - o = 2, 36 + a = 5*k + 4*o. What is the remainder when 28 is divided by k?
4
Let p = 166 - 111. Suppose 0 = -4*y + 5 + 23. What is the remainder when p is divided by y?
6
Let l = -234 + 281. Suppose 305 = 4*a - 251. What is the remainder when a is divided by l?
45
Suppose 0 = 5*g + d, 0 = -8*g + 5*g - 2*d. Suppose -3*o = -i + 14, -2*i + o + g + 8 = 0. What is the remainder when 14 is divided by i?
0
Suppose 5*h + 5*l - l = 272, 5*h - 2*l - 284 = 0. Suppose 10*v - 8*v - h = 0. What is the remainder when 223 is divided by v?
27
Let q = -52 + 56. Suppose q*o = o + 69. Let k = 143 - 98. What is the remainder when k is divided by o?
22
Let c(d) = 2*d**2 + d - 7. Let a be c(2). Suppose -3*l - 85 = -a*q + l, 0 = q + 3*l - 11. What is the remainder when 113 is divided by q?
21
Let y = -880 - -926. Calculate the remainder when y is divided by 27.
19
Suppose 3*o + 298 = -x - 3*x, -5*o = 3*x + 229. Let m = 89 + x. What is the remainder when 109 is divided by m?
13
Let p(x) = x**3 + 11*x**2 + 3*x - 13. Let j = 7 + 14. Let n = 11 - j. What is the remainder when p(n) is divided by 20?
17
Let k = 155 - 21. Let j = 139 - k. What is the remainder when 29 is divided by j?
4
Let y(l) = 25*l - 2. Let o be y(1). Let u = -41 + o. Let v = u - -36. Calculate the remainder when 53 is divided by v.
17
Let u(t) = t**2 + 4*t + 5. Let j be u(-4). Suppose -j*f - 10 = -3*f, -3*s = -4*f - 17. What is the remainder when 2/s - 3/(-1) is divided by 1?
0
Let c(x) = x**3 - 10*x**2 - x + 12. Let y be c(10). Suppose t + 18 = y. What is the remainder when 6 is divided by (t/(-14))/((-8)/(-28))?
2
Suppose -1576 = -4*p + 2*y, -3*p + 3*y = -p - 792. Calculate the remainder when p is divided by 79.
77
Suppose -z + 117 = p + 3*z, 3*z + 654 = 5*p. What is the remainder when p is divided by 44?
41
Let j = 11 + -6. Suppose -14 = j*r - 144. Let k(w) = -w + 45. Calculate the remainder when r is divided by k(31).
12
Let o = 978 - 932. Calculate the remainder when 270 is divided by o.
40
Suppose -a + 828 = 3*a. Let j(b) = 2*b + 41. Calculate the remainder when a is divided by j(-10).
18
Let v = -2563 - -2600. Suppose 0 = -2*f + 3*f + 4*a - 23, -f + 5*a = 4. What is the remainder when v is divided by f?
4
Suppose 2*t - 5*t - 63 = 0. Calculate the remainder when 138 is divided by (-7)/t + (-82)/(-6).
12
Suppose -2*s + 52 = 2*s. Let l(q) = -66*q + 2554. Calculate the remainder when l(38) is divided by s.
7
Let i(s) = 31*s - 115. What is the remainder when i(5) is divided by 26?
14
Let g(a) = -15*a - 17. What is the remainder when 159 is divided by g(-4)?
30
Let j be 7/14 + (1 - (-111)/2). Suppose -j*x + 63*x = 156. Suppose -5*f + 56 = -f. What is the remainder when x is divided by f?
12
Let t(y) = -3*y - 4. Let k(b) = b - 1. Let n(m) = 2*k(m) - t(m). Calculate the remainder when 13 is divided by n(1).
6
Let s = 10 + -10. Let x be (1 - s)*(-726)/(-6). Let y = x + -67. What is the remainder when y is divided by 28?
26
Suppose 65 = 4*c - 11. Calculate the remainder when c is divided by (-65)/(-5) + (-3 - -1).
8
Let v(a) be the first derivative of a**3/3 + a**2 + 2*a - 3. What is the remainder when v(6) is divided by 13?
11
Let c(s) = s**2 + 9*s - 6. Let y be c(-7). Let r be (-18)/((-4)/((-80)/(-15))). Let w = y + r. What is the remainder when 6 is divided by w?
2
Let d = -242 - -303. What is the remainder when d is divided by 20?
1
Let k = -150 - -158. Let j = -4 + 23. Calculate the remainder when j is divided by k.
3
Let k be 3/((-1)/14*-2). Let c(t) = t**3 - 20*t**2 - 11*t - 15. What is the remainder when c(k) is divided by 18?
15
Suppose 0*n = -2*n + 2, -3*l + 2*n + 19 = 0. Suppose l*s - 130 = 2*s. Calculate the remainder when s is divided by 4.
2
Let v = -207 + 123. Let s = v - -93. What is the remainder when 62 is divided by s?
8
Let x = 2 + 27. Let o = 21 - x. Let d = o + 29. What is the remainder when 61 is divided by d?
19
Suppose -4*z + 58 + 2 = 0. Let k(i) = -4*i - 23. Calculate the remainder when k(-20) is divided by z.
12
Suppose -15*p + 19*p - 155 = -3*r, -p + 25 = -2*r. Calculate the remainder when 128 is divided by p.
23
Let i be (9/6)/((-23)/(-10) + -2). Calculate the remainder when 11 is divided by (-6 + i)*-7 - (2 - 0).
1
Let d(h) = h**2 + 12*h - 18. Let n be d(-14). Suppose 10*w = 700 + n. Calculate the remainder when w is divided by 8.
7
Let s = 17 + -14. Suppose 5*q - r = 131, 58 = 2*q + s*r - 2*r. Calculate the remainder when q is divided by 10.
7
Suppose 0 = -19*p - 686 + 2377. What is the remainder when 273 is divided by p?
6
Suppose -55*m + 15*m + 12560 = 0. What is the remainder when m is divided by 7?
6
Let r(b) = 7*b**2 + 3 - 7*b + 7*b**3 - 6*b**3 - 2*b**3. Let f be r(6). What is the remainder when 50 is divided by 6/3 + (f - -18)?
16
Let o(w) = 2*w + 94. Calculate the remainder when o(-15) is divided by 37.
27
Let i = 125 - 122. Let u(d) = d + 1. What is the remainder when 27 is divided by u(i)?
3
Suppose 30*j = 19*j + 935. What is the remainder when j is divided by 29?
27
Suppose 5*w + 3*n - 2007 = 0, n + 398 = 3*w - 809. What is the remainder when w is divided by 132?
6
Let c be -3 + 6 - -3 - 0. Let y = c + -4. What is the remainder when 2 is divided by y?
0
Let j(h) be the first derivative of 2*h**3 - 31*h**2/2 - 3*h + 2. What is the remainder when j(9) is divided by 9?
6
Suppose 5*z - 5 = 0, -3*w + 2*z = -4*w + 54. Calculate the remainder when w is divided by 20.
12
Suppose t - 2*v + 5 = -v, -3*t + 2*v = 18. Let l = 18 - t. Calculate the remainder when l is divided by 14.
12
Suppose 4*k = 0, 0 = -9*i + 7*i + 5*k + 300. What is the remainder when i is divided by 11?
7
Suppose 3*s + 2*i + 0*i = 302, i = 1. Let b = 128 + s. Calculate the remainder when b is divided by 33.
30
Suppose -5*u - 4*z + 60 = 5, u + z - 10 = 0. What is the remainder 